 factor of 17312064 and 14016.
192
Calculate the greatest common factor of 251 and 12464.
1
Calculate the highest common factor of 30135104 and 4037.
367
What is the greatest common factor of 36084 and 465558?
186
What is the highest common factor of 4333448 and 140?
28
Calculate the highest common divisor of 63 and 102815757.
9
What is the greatest common factor of 94685155 and 425?
85
Calculate the highest common divisor of 1690902 and 23892.
1086
What is the greatest common divisor of 330931 and 17346?
59
What is the highest common divisor of 115374731 and 4814?
2407
What is the greatest common factor of 9520826 and 35?
7
What is the greatest common divisor of 183 and 139840426?
61
What is the highest common factor of 16 and 52971256?
8
Calculate the highest common factor of 22172 and 15654396.
964
What is the highest common divisor of 308280 and 69160?
280
What is the highest common factor of 24 and 52577552?
8
Calculate the greatest common divisor of 5725211 and 173634.
673
Calculate the highest common divisor of 1122 and 37753362.
102
What is the greatest common factor of 13166952 and 64?
8
What is the greatest common divisor of 861215 and 185?
5
Calculate the highest common factor of 366754206 and 1781.
1781
Calculate the greatest common factor of 11375 and 1345.
5
What is the highest common divisor of 936 and 8040474?
234
What is the highest common factor of 20897887 and 459551?
7789
What is the greatest common factor of 2222 and 52074388?
202
Calculate the highest common factor of 417724 and 13124.
68
Calculate the greatest common divisor of 363806765 and 35.
35
Calculate the greatest common factor of 269435557 and 71.
71
What is the highest common divisor of 1403890 and 4120?
1030
What is the highest common divisor of 161172 and 171?
9
What is the highest common factor of 4160 and 5779540?
260
What is the greatest common factor of 5248265 and 2960?
185
What is the greatest common divisor of 403800 and 68646?
4038
Calculate the highest common factor of 22224965 and 385.
35
What is the greatest common factor of 4435508 and 286?
22
Calculate the greatest common factor of 1613188 and 52976.
172
What is the highest common factor of 48384 and 3874500?
756
What is the highest common factor of 143598949 and 442?
221
What is the greatest common divisor of 38962 and 641332?
46
Calculate the highest common factor of 2418924 and 5172.
12
Calculate the greatest common factor of 404 and 1248.
4
What is the greatest common factor of 921 and 29013?
3
Calculate the highest common factor of 94905 and 972135.
2565
What is the greatest common factor of 20192432 and 728?
104
Calculate the highest common factor of 620920 and 624188.
3268
Calculate the greatest common factor of 572242 and 10488.
38
What is the highest common divisor of 960621838 and 22?
22
What is the highest common factor of 22 and 1633901929?
11
What is the highest common factor of 4011106 and 55?
11
What is the greatest common factor of 1014455 and 3?
1
Calculate the highest common factor of 39624 and 50817.
39
What is the highest common factor of 2030 and 11727310?
2030
What is the highest common factor of 5454 and 771?
3
What is the highest common factor of 4716154 and 11687?
899
Calculate the greatest common divisor of 11478016 and 880.
176
What is the highest common factor of 125064 and 1523349?
1737
What is the greatest common factor of 4273 and 38315991?
4273
Calculate the greatest common divisor of 360 and 786633570.
90
Calculate the highest common factor of 6192850 and 50.
50
Calculate the greatest common factor of 90377708 and 23984.
5996
What is the highest common divisor of 1023096 and 1873608?
1128
What is the highest common factor of 2304 and 25748208?
144
Calculate the highest common divisor of 29 and 2783153693.
29
What is the highest common factor of 27 and 25198065?
9
What is the greatest common divisor of 7994 and 5548978?
1142
Calculate the highest common factor of 1159907 and 175.
7
What is the highest common factor of 6957204657 and 1833?
1833
What is the greatest common factor of 3643384 and 115?
23
What is the highest common factor of 54211060 and 60?
20
Calculate the greatest common divisor of 178 and 284495798.
178
Calculate the highest common divisor of 544 and 1739508.
68
Calculate the greatest common factor of 2008 and 11910703.
251
Calculate the greatest common factor of 927584 and 29155.
7
What is the greatest common divisor of 8146863 and 1449?
9
Calculate the greatest common divisor of 576 and 444834.
18
What is the greatest common divisor of 5006 and 71863633?
2503
What is the highest common factor of 39215 and 64139?
31
Calculate the highest common divisor of 48 and 6229926.
6
What is the greatest common factor of 959838 and 1958?
22
What is the highest common factor of 144 and 26014164?
12
Calculate the highest common divisor of 165527635 and 20.
5
What is the greatest common divisor of 56 and 5553702?
14
Calculate the greatest common factor of 36 and 6125121.
9
What is the greatest common factor of 755478 and 7929?
9
What is the greatest common factor of 15496468 and 944?
236
What is the highest common divisor of 97291 and 5146529?
1649
What is the greatest common divisor of 10910 and 40510?
10
Calculate the greatest common divisor of 10 and 764984.
2
What is the greatest common divisor of 29393 and 11121383?
1547
Calculate the greatest common factor of 223 and 64064.
1
Calculate the greatest common divisor of 168 and 326712.
24
What is the greatest common divisor of 2354929423 and 3157?
3157
What is the highest common divisor of 851221701 and 9012?
2253
Calculate the greatest common factor of 6090 and 3837135.
435
Calculate the highest common divisor of 34 and 1131164.
2
What is the greatest common divisor of 57028 and 5426352?
212
What is the greatest common factor of 124208232 and 168?
24
What is the highest common factor of 2916080 and 9060?
20
What is the highest common factor of 50 and 950960?
10
What is the highest common divisor of 8742273 and 5553?
1851
Calculate the greatest common divisor of 56 and 170663066.
14
Calculate the greatest common divisor of 8305840 and 80.
80
Calculate the greatest common factor of 910 and 3635510.
10
Calculate the highest common divisor of 32421023 and 799.
799
Calculate the greatest common factor of 161473 and 4537.
13
Calculate the highest common divisor of 316920515 and 15.
5
What is the greatest common factor of 4663505 and 6545?
385
What is the highest common divisor of 93987 and 12674262?
177
Calculate the greatest common divisor of 728019 and 1656.
207
Calculate the highest common factor of 629 and 13376314.
629
Calculate the greatest common factor of 5133 and 15405195.
177
Calculate the greatest common factor of 4231563 and 63273.
483
What is the greatest common divisor of 4392620 and 3760?
940
Calculate the greatest common factor of 167810 and 11748430.
1730
What is the greatest common divisor of 361971 and 797858?
1087
Calculate the greatest common factor of 1024827 and 25320.
633
Calculate the greatest common divisor of 20622 and 350.
14
Calculate the highest common divisor of 1031426 and 13574.
22
What is the highest common factor of 970224 and 1424?
16
Calculate the highest common factor of 136485135 and 135.
135
Calculate the highest common factor of 159990 and 17805.
15
What is the highest common factor of 6543995 and 1160?
145
Calculate the highest common factor of 11978 and 6725873.
113
What is the highest common factor of 41113000 and 520?
40
What is the highest common factor of 30329 and 33020?
13
What is the highest common factor of 2753650 and 80?
10
Calculate the highest common factor of 296 and 261576.
8
What is the highest common factor of 9256 and 264508?
356
Calculate the greatest common divisor of 1936131844 and 4.
4
What is the highest common divisor of 144948160 and 320?
320
Calculate the greatest common divisor of 136 and 6390640.
136
Calculate the highest common factor of 5579400 and 132.
12
What is the highest common factor of 106 and 2562852683?
53
Calculate the highest common factor of 28196 and 11816.
28
What is the greatest common divisor of 86152320 and 288?
288
Calculate the highest common divisor of 379604472 and 624.
312
What is the highest common factor of 894540 an